 - -1) + -5)?
5
Calculate 0 - ((1 - -2) + -1).
-2
Calculate 1 + (-13 - -4) + 0.
-8
Evaluate 0 + -4 + -1 + 7.
2
Evaluate 5 - (1 + 5 + -6).
5
Evaluate 15 + -17 - (-2 + 1) - -4.
3
Calculate (1 - (-4 + -6 - -6)) + -3.
2
(6 - 2) + -3 + 3
4
Calculate 7 + -5 + 0 + 0 + -4.
-2
-3 + (-2 - -11) + -7
-1
Calculate -2 + 2 + 6 + 0.
6
What is -3 + 3 + -4 - -4?
0
2 + (13 - 11 - (10 + 0))
-6
Evaluate 2 + -6 + (13 - 7).
2
Calculate 5 + 4 + -4 + 0 + 1.
6
Evaluate 3 + (-11 - (1 - 8)) - -6.
5
What is (1 + 11 - 2) + (-2 - 3)?
5
What is the value of 18 + (-18 - -7) + (-1 - 7)?
-1
Evaluate (2 - 0 - 14) + 19.
7
Calculate -8 + -4 + 1 - -8.
-3
What is 6 + -4 + 1 - 7?
-4
Calculate -4 - 2 - (-14 - (-7 + -2)).
-1
Evaluate 0 - (-1 + 1 + 1).
-1
What is the value of 4 - (1 - (8 + -2 + -16))?
-7
Evaluate (1 - -2) + -8 + 10.
5
What is the value of 2 + 0 - (17 - 13)?
-2
What is the value of 1 - (14 + (0 - 6)) - -6?
-1
Evaluate 1 - (-1 + 4 + (-5 - -6)).
-3
6 + (0 - 7) + (5 - -1)
5
Evaluate (0 - (0 - 1)) + 3.
4
-1 + (6 - (-2 - -6))
1
Evaluate (6 - -5 - 14) + 9.
6
What is the value of -3 + (2 - -13) - (5 - 1)?
8
What is the value of 5 + (6 - 12) - -4 - -2?
5
What is -9 - (1 - 5) - 1?
-6
Evaluate 2 - (25 + -6 + -7).
-10
2 + 1 + -3 - -2 - 4
-2
Evaluate -8 + 2 + -3 + 1 + 3.
-5
Evaluate (-2 - 0) + 5 + -2 + -4.
-3
1 + 3 + (36 - 43)
-3
What is the value of 1 + -1 + (0 - 2)?
-2
What is 7 - 6 - 2 - (-3 + 0)?
2
Evaluate -4 + 0 + 3 - (3 - 1).
-3
What is -2 + (-1 - -1) + 5?
3
Calculate (-2 - ((3 - 3) + -1)) + -1.
-2
What is the value of -1 + 10 + (0 - 0) + -5?
4
What is the value of 0 - (10 + -10 + 1 + 0)?
-1
What is -3 - ((-2 - 1) + -1 - 1)?
2
Calculate -67 + 59 + (9 - -1).
2
Evaluate -3 - -2 - (6 - 11).
4
Evaluate 3 + 5 + (-13 - -4).
-1
Evaluate -5 - (-9 + -4 + 4).
4
Calculate 7 + -3 - (4 + -5 + 0).
5
7 + -2 + -30 + 24
-1
What is 4 - (-5 - -5 - -3)?
1
What is the value of 2 + (-2 - 1 - -2)?
1
What is (0 - (8 - 5)) + 3?
0
2 - 6 - (-7 + 6)
-3
-9 + (4 + 2 - (16 - 11))
-8
(10 - 1) + -4 + -9
-4
Calculate (-13 - 0) + 12 + 1.
0
What is the value of 6 - (-5 + 5) - 8?
-2
Evaluate 3 - 6 - (2 + -3 + 1).
-3
Calculate (3 - 6 - -5) + -3.
-1
Evaluate -2 + (-4 + 14 - 3).
5
-1 + -3 + 0 + (27 - 19)
4
(-3 + (-1 - 0) - -6) + 2
4
Evaluate -1 + 3 - (82 - 79).
-1
Evaluate -18 + 12 + (-1 - -2 - -2).
-3
Evaluate 0 + 1 + (-3 - (1 + 1)).
-4
5 + (6 - (12 + -7))
6
Calculate 11 - (33 + -9 + -2).
-11
Calculate -8 + -12 + (-2 - -13).
-9
Evaluate (-17 - -21) + (2 - 3 - -7).
10
What is the value of -16 + 5 + 10 + -7?
-8
Calculate 4 - ((-2 - 1) + 18 + -10).
-1
-20 + (2 - -5) - -7
-6
Evaluate -1 + (-2 - (6 - 10)).
1
Evaluate 1 + (7 - (11 + -1)).
-2
What is -11 - -16 - (0 - -2)?
3
-1 + (0 - (-6 - -10))
-5
What is the value of (-2 - -5) + 1 + -6?
-2
Evaluate -6 - 1 - (88 - 98).
3
6 + -3 - (7 - 2)
-2
Evaluate (-2 - (0 - 4) - 4) + -7.
-9
What is the value of (18 - 11) + (-7 - (1 + -2))?
1
Calculate 6 - ((0 - -3) + -4 + 3).
4
Evaluate 1 + 1 - (31 + -28) - 6.
-7
Calculate 20 + (-12 - -3) + -20.
-9
Calculate -5 + -6 + (17 - 4) + -1.
1
Evaluate 4 - -1 - (4 - 3 - -7).
-3
What is -2 - -7 - 5 - 5?
-5
5 + 0 - (2 - -2)
1
(-5 - 1) + (-7 - (8 - 17))
-4
What is (0 - -6 - 9) + 5 + -8?
-6
What is -7 + 3 + (-1 - -3)?
-2
Evaluate 13 - (-6 + 10 + 4).
5
What is the value of (7 - 16 - 5) + 8 + -1?
-7
(6 + 3 - 4) + -2
3
What is (0 - 2 - 1) + -3 + 1?
-5
Calculate -4 - (10 - 16 - (-8 + 2)).
-4
2 + 5 + -3 + 1
5
What is the value of 2 - (4 + 0 + -4 + 1)?
1
What is -3 + -4 + 8 + -3?
-2
7 - 0 - (-3 + -5) - 8
7
What is the value of (-1 - (-2 - (-2 + -8))) + 6?
-3
Evaluate (0 - 0 - 0) + -6 - -6.
0
Calculate (-2 - -10) + 13 + -19.
2
-1 + 0 - (10 + -7)
-4
(13 + -6 - -3 - 1) + -2
7
Calculate 10 - (-2 - -10) - 10.
-8
Calculate -4 - (-2 + (-1 - -2 - -1)).
-4
What is -1 - (0 - (-2 - (1 - 5)))?
1
What is the value of -3 + 2 + (-5 - -9) - 1?
2
Evaluate (-9 - -1) + 4 - 2.
-6
-2 + 9 + 13 + -17
3
-20 + 6 + -13 + 18
-9
Evaluate (8 - -1) + -6 + 3.
6
Calculate -6 + 7 + (0 - -1).
2
Evaluate 33 + -32 - (1 - 1).
1
4 - (8 - (-5 + 4))
-5
Calculate -8 + 2 + (4 - -8) + -6.
0
Calculate -14 - (-12 + 1) - (-4 - 0).
1
Evaluate 13 + -13 + 14 + -15.
-1
What is (-1 - -3) + (-4 - 7)?
-9
What is (2 - 7 - -1) + 0?
-4
What is -2 + (1 - 3 - 6) - -5?
-5
0 + 0 + 1 + -5
-4
What is 2 - (43 - 31 - (2 + 0))?
-8
What is the value of (-1 - -5 - (1 - 1)) + -4?
0
Evaluate -13 - (-6 - (-8 - 3) - 13).
-5
5 - 4 - (8 - 5 - 2)
0
What is the value of 5 - (-1 + (4 - 2))?
4
Calculate (-8 - (-12 + 8)) + 10.
6
Evaluate -2 + 13 - (-6 - (-4 + -5)).
8
3 - (-2 + 3 - (-1 - 0))
1
What is 5 - 8 - (3 - 1)?
-5
Evaluate (3 - -7) + -3 - 2.
5
Calculate (3 - 0) + 6 - 8.
1
1 + (2 - 5) - (-1 + 4)
-5
Calculate -9 + (-7 - -7 - (-4 + -1)).
-4
Evaluate (-1 - -9) + -18 - -8.
-2
What is the value of 6 - (5 + -1) - -2?
4
Evaluate -7 + -3 + 13 + (7 - 0).
10
-4 + (-2 - (-7 - (5 + -9)))
-3
-6 + -13 + 20 - (0 + -4)
5
0 - (-9 + (3 - -1))
5
-23 - -18 - (0 + -4 + -1)
0
Calculate (-3 - -1) + 0 + (41 - 46).
-7
Calculate 4 - 0 - (4 + -1) - -2.
3
Calculate 15 + -18 - (-7 + -1).
5
What is -2 + (-11 + 17 - (7 - -2))?
-5
Evaluate 0 + 1 + -5 - -1.
-3
What is (-7 - 3 - -2 - -7) + 1?
0
-7 + 3 + (0 - -2) + 7
5
9 + (-8 - 11) - -7
-3
What is -3 + 3 + -1 + 6 + -4?
1
0 - -2 - (5 + (3 - 4))
-2
10 + (2 + -3 - 5)
4
What is the value of 12 + (4 - (25 - 11))?
2
Evaluate -6 + (-6 - (-2 + -7)).
-3
Evaluate 11 + (-12 + 6 - -1).
6
What is the value of 6 + (5 - (-2 - -22)) + 3?
-6
Evaluate 12 + -4 + -10 - 5.
-7
What is (-2 - 4) + (-1 + 3 - -2)?
-2
Evaluate 5 + (2 - 4 - 1).
2
What is -4 + 15 + -12 + 2?
1
What is 2 + 0 + -2 - (-2 + 2)?
0
-1 - ((5 - 2) + (-3 - -1))
-2
What is the value of 0 + 11 + (142 - 146)?
7
Evaluate 2 - -1 - (1 - -1 - 4).
5
What is (0 - (2 + 4 + -9)) + 2?
5
What is 1 + -1 + (-2 - (-5 + 1))?
2
Calculate -2 + -1 + 4 - (2 + 0).
-1
2 + -1 + -3 + -1 - 1
-4
Calculate (0 - 0) + -10 + (-10 - -15).
-5
Evaluate -4 + (-4 - (1 - 6) - 5).
-8
2 + (-1 - 2) - 1
-2
What is 3 - (9 - 16 - -11)?
-1
What is -19 - -24 - (5 - 3)?
3
Evaluate 13 + 10 + -13 + -2.
8
What is the value of 1 - (10 - (13 + -2))?
2
What is -2 - (5 + -5 + 1)?
-3
Evaluate 2 - (-2 + (3 - -1)).
0
What is 2 + (5 - 7) - -2?
2
Calculate 6 + (1 - 4) + 2 + -7.
-2
What is 6 + 1 + -2 + 0 + -5?
0
Evaluate 0 + 0 + (-8 + 0 - -8).
0
Evaluate 0 + -5 - (-3 + 2 + 0).
-4
What is (-4 - 3) + (2 + -5 - -7)?
-3
What is 0 + (4 - (6 - 2))?
0
Calculate 4 + 2 + (6 - 2 - 6).
4
-1 - (-7 + -7 + 16)
-3
Calculate (-15 - -6) + 5 - -2.
-2
Evaluate (3 - 2) + 1 + (-12 - -6).
-4
Calculate (1 + 1 - 2) + 0 + 2.
2
What is 3 + 4 + -3 + (3 - 5)?
2
What is -7 - (13 + -15 + 1 + -2)?
-4
Evaluate 7 + -3 + -2 + -2.
0
(0 - (-14 + 14)) + (-6 - 0)
-6
What is the value of (7 - (5 - 2)) + -2?
2
What is (6 - (-4 - 1)) + -9?
2
What is the value of -4 + 0 + -8 + 14 - 1?
1
Evaluate (-1 - -1) + (-3 - -8) + 1.
6
0 + 7 + -5 - 6
-4
Calculate -61 + 53 + 9 + -1.
0
(-13 - -7 - 5) + 8
-3
Calculate 2 + 3 + 0 + -10 - 4.
-9
Evaluate (-23 - (-12 + -4)) + (-1 - 0).
-8
-3 + (-18 + 14 - (-5 - -1))
-3
Calculate -1 - (0 + -4 + 1).
2
What is the value of -3 + 2 - -4 - (10 + -7)?
0
-2 - -4 - (15 + -13)
0
What is 3 + (-9 + (4 - 1) - -2)?
-1
0 + -6 + 5 + -7
-8
What is (1 - 0) + -3 + 4?
2
Calculate (-3 + 2 - -2) + (-9 - -3).
-5
What is the value of (-34 + 19 - (1 - 8)) + 4?
-4
What is the value of (13 - 6) + 2 + -10?
-1
Calculate 26 + -21 + -2 + 1.
4
Calculate (0 + 1 + 8 - 4) + -9.
-4
0 + 3 - (-17 - -18)
2
2 - 15 - -7 - -15
9
-4 + (2 - (3 + -2 - 0))
-3
What is the value of 9 - (1 - 0) - (0 + 3)?
5
(6 - 4) + (-8 - (3 + -6))
-3
14 - 12 - (-4 + 1)
5
Evaluate (9 - (5 - -7)) + -1 + -2.
-6
What is the value of 2 + (-6 - 1) + 3 + -1?
-3
-8 + 1 - (-4 - -19 - 29)
7
What is the value of -1 - 2 - (-1 + -6)?
4
What is the value of 0 + 5 + -3 + 2 - -1?
5
Calculate 3 + -9 + 5 + -1.
-2
Calculate -2 + 4 - 5 - (7 + -15).
5
-3 - ((-2 - -2 - 4) + -1)
2
Evaluate -7 - ((3 - -5) + -16).
1
Calculate -1 + 6 - (3 - 10 - -7).
5
Calculate 4 + (-6 - (-17 + 9)).
6
1 + 7 + (-7 - -5)
6
What is the value of (1 - -4) + 3 + -4?
4
What is the value of 13 - ((-4 - -28) + -10)?
-1
What is (25 - 23) + (-3 - 0)?
-1
Calculate (3 - 2) + 2 - -1.
4
-11 + 3 + -2 + (6 - -1)
-3
Calculate -1 + 0 + (-4 - -3).
-2
Calculate -2 - 5 - (-7 + -1).
1
What is the value of 4 - (9 + -2) - (0 + 0)?
-3
3 - 1 - (-1 + (0 - 0